) + 25/r. Let t = -57 + 122. Calculate the highest common divisor of t and o.
13
Suppose -4*d + 20 = 4*k, 13 = 4*d - k - 12. Suppose -4*i + 25 - 9 = 0. Suppose 10 = d*b - i*b. What is the highest common divisor of 1 and b?
1
Let s = -12 - -14. Suppose 2*g + s*g - j = 82, -5*j - 95 = -5*g. What is the greatest common divisor of g and 147?
21
Let k be -3*(-4)/(-60) + 243/15. Calculate the highest common factor of k and 2.
2
Suppose 0 = j + a + a - 5, -2*a = -4*j - 10. Let z be (5 - -14) + (0 - j). Calculate the highest common factor of 4 and z.
4
Suppose -4*m - 4 = 2*j + 8, 0 = j - 2*m + 18. Let v be 6/(-4)*16/j. Suppose l + 81 = v*l. Calculate the greatest common divisor of l and 9.
9
Suppose -4*n - 97 = -2*q - 7, 4*q = n + 180. Suppose -3*d + 2*s = -35, -d + 2*s = s - 13. Calculate the greatest common divisor of q and d.
9
Suppose -i = -4*g + 77, -7*i + 3*i = 4*g - 72. Calculate the highest common factor of g and 133.
19
Suppose -6*s - 24 = -60. Suppose 4*c - 18 = c. What is the greatest common factor of s and c?
6
Let h be (-2)/(-4)*-1*-20. Suppose -15 = -2*d + 1. Suppose x = 2 + d. What is the greatest common divisor of x and h?
10
Let v(w) = 9*w**2 + 6*w - 1. Let l be v(-5). Let u(x) = 2*x. Let b be u(6). Suppose b - l = -2*g. What is the highest common factor of 13 and g?
13
Suppose 3 = -5*v - 2. Let h be (-81)/(-18) - v/2. Calculate the greatest common factor of 2 and h.
1
Let n be 4/(-3)*(-39)/2. Suppose 16 = 4*t, 2*m + n - 198 = -5*t. Calculate the highest common factor of 19 and m.
19
Let c(a) = -a - 1. Let s be c(-5). Suppose -s*x = -0*x - 280. What is the greatest common divisor of 28 and x?
14
Let m = -193 - -319. Calculate the greatest common divisor of 18 and m.
18
Let r = -6 - -9. Let b = r + 1. Let c(q) = -3*q + 43. Let p be c(14). Calculate the highest common divisor of b and p.
1
Let s = 14 + -10. Let v = s + -2. Let a(p) = 2*p**2 + p + 1. Let d be a(v). What is the highest common factor of d and 44?
11
Let q be ((-1)/((-3)/18))/2. Let z be (1/q)/(3/36). Calculate the greatest common factor of z and 20.
4
Let m = 9 + 8. Let b be 104 - (2 + (-6)/2 - -3). What is the greatest common divisor of m and b?
17
Suppose 3*h - 22 = 152. Suppose 236 = 5*n + 4*i, 3*i + h = 4*n - 137. Calculate the greatest common divisor of 32 and n.
16
Let j be 1/(-6)*-2*9. Suppose 2*p = 4*p - 5*z + 23, 3*z = -2*p + 17. Calculate the highest common divisor of j and p.
1
Suppose -2 = -j - 2*x + 5, -4*x = 3*j - 19. Suppose 0 = 3*c - 3*s - 21, 3*c - 49 = c - j*s. What is the highest common factor of c and 108?
12
Let o = -2 - -23. Let k = 86 - 72. What is the highest common divisor of k and o?
7
Let q = -66 - -76. What is the greatest common divisor of 10 and q?
10
Let q = -2 - -19. What is the highest common divisor of 34 and q?
17
Let x(h) = -h**3 - h**2 - 2. Let c be x(-3). Suppose -4*a = -8 - c. Suppose a = 3*r - 66. Calculate the highest common divisor of 6 and r.
6
Suppose -4*x - x + 20 = 0. Let t(v) = 7*v**2 - 2. Let y be t(x). Calculate the greatest common factor of 10 and y.
10
Let u = -63 + 118. Let n be -35 + 49 - (-1 + -1 + 5). What is the greatest common factor of n and u?
11
Suppose -z - 3*z + 300 = 0. Suppose -y = 4*c - z, 0*y = -c + 2*y + 12. Let d be 10/(-4)*(-4)/5. Calculate the greatest common divisor of d and c.
2
Suppose 2*n - 6*n + 12 = 0. Let p be (-4)/(37/13 - n). What is the highest common factor of 39 and p?
13
Let u = -3 + 5. Let m(d) = u*d - 5*d + d**3 - 2 - 2*d**2 + 5. Let o be m(5). What is the greatest common factor of o and 7?
7
Let w = 165 + -37. Let c(k) = -k**3 - 16*k**2 + 16. Let p be c(-16). Calculate the greatest common factor of w and p.
16
Let p be -2*((-32)/(-112) + 142/(-7)). What is the greatest common divisor of p and 30?
10
Suppose -9 = -a + 5. Suppose -5*m + 17 = -5*s - 3, 3*s + 4*m + 26 = 0. Let d be 19/3 - 4/s. What is the greatest common factor of d and a?
7
Let i be (-2)/(-6) - 70/(-6). Let n(h) = -11*h**3 - 5*h**2 - 4*h - 2. Let v be n(-3). Let c = v + -154. What is the highest common divisor of i and c?
12
Let s(b) = 4*b + 1. Let y be s(5). Calculate the greatest common divisor of 14 and y.
7
Suppose -2*c + 4*r = 38, -3*c - 2*r - 7 = 2*r. Let a = c - -11. What is the highest common divisor of a and 18?
2
Let v = -49 - -57. What is the highest common divisor of v and 8?
8
Let s be (-86)/(-4) + (-3)/(-6). Suppose 0*g = -10*g + 550. Calculate the highest common divisor of s and g.
11
Let z be -1*7/((-21)/6). Suppose -b + z*u = -10, 4*b - 52 = b - 5*u. Calculate the highest common factor of 28 and b.
14
Let g be 1*(3 + (0 - -1)). Calculate the greatest common divisor of g and 20.
4
Let s be (-6)/(-4)*(-640)/30. Let v be ((-12)/8)/(6/s). What is the greatest common factor of v and 8?
8
Let a be (-1)/(-1 - (-25)/26). Suppose -10 = 5*y - 6*y. Suppose a = 3*w - y. Calculate the greatest common factor of 24 and w.
12
Suppose 0 = -2*x + 4 + 2, 5*t - 36 = -2*x. Let q be ((-81)/6)/((-2)/8). What is the highest common divisor of t and q?
6
Let v be ((-15)/2)/(3/(-6)). Suppose -5*k = -1 - 14. Calculate the greatest common factor of k and v.
3
Let v be 0 - 1/(1/(-29)). Let o = v + -17. What is the highest common divisor of o and 84?
12
Let z = -24 - -87. Suppose 14*w + 7 = 15*w. What is the greatest common divisor of z and w?
7
Let o be 4/(-18) + 0 + 6085/45. Calculate the highest common divisor of 27 and o.
27
Suppose 2*a + 30 = 4*o, -4*o - 2*a + 33 = o. Suppose -6 - o = -m. What is the greatest common factor of 104 and m?
13
Suppose -2*i + 0*i + 94 = 2*b, -i - 265 = -5*b. Calculate the highest common factor of b and 13.
13
Let r(q) = -11*q + 23. Let l be r(-2). Calculate the highest common factor of l and 405.
45
Let k be (-1 + 3/2)*0. Let s(z) = 2 + z**2 + 6*z + 2 + k. Let u be s(-6). What is the greatest common factor of 36 and u?
4
Let b be (-99)/(-27) - (-2)/(-3). Suppose 5*z = 3*c - 190, -2*c - b*z = -4*z - 122. What is the highest common factor of c and 10?
10
Let h = -4 + 9. Let f = -34 - -39. What is the greatest common factor of h and f?
5
Let t(q) = 19*q**2 - 4*q + 2. Let o be t(2). What is the greatest common divisor of o and 14?
14
Suppose 3*c + 49 = -14. Let r be (c + 4)/(2/(-70)). Suppose -2 = -2*p, p + r = 3*f + 2*p. What is the highest common factor of f and 18?
18
Let g = 207 - 143. What is the greatest common divisor of g and 96?
32
Suppose 27 = 5*t + 3*o, -3*o + 15 = 2*t - 3. Suppose 0*m + 3*q - 12 = -3*m, 0 = t*m + 4*q - 13. What is the greatest common factor of 2 and m?
1
Let z(i) be the first derivative of i**3/3 + i**2/2 + 36*i - 2. Let h be z(0). What is the greatest common divisor of h and 9?
9
Let v be (2 + -1)/(1/16). What is the highest common factor of v and 24?
8
Let t(l) = 5*l - 17. Let k be t(13). Let i(b) = -3*b - 3. Let o be i(-5). Calculate the highest common factor of k and o.
12
Suppose 3*x + 28 - 115 = 0. Calculate the highest common factor of x and 319.
29
Suppose 2*m = 14 + 22. Calculate the greatest common divisor of m and 6.
6
Suppose -3*k = -k + 18. Let j be (-22)/(-99) - 1321/k. Calculate the highest common divisor of j and 21.
21
Let q be 1 + -1 + 41 - 2. Suppose q = 4*p - 325. Calculate the greatest common factor of p and 13.
13
Let u(t) = -t**2 - 22*t + 14. Let g(s) = 17*s**3 + 2*s**2 + 3*s + 1. Let o be g(-1). Let d be u(o). Calculate the highest common factor of 11 and d.
11
Let b(y) = 2*y**2 - 5*y + 3. Let h be b(3). Let n be (12/10)/(2/110). What is the greatest common divisor of n and h?
6
Let o(p) = -p**3 - p + 3. Let w be o(0). Suppose -34 = -2*u - 4*v, -v - 28 = -w*u + 37. Calculate the greatest common divisor of 63 and u.
21
Suppose 4*j - j - 9 = 0. Suppose 0 = j*s - 0*s - 180. Suppose 0*y = 3*l + 3*y - 45, -2*l + 4*y = 0. Calculate the highest common divisor of l and s.
10
Let j(i) = i**2 + 5*i + 6. Let l be j(-3). Suppose -5 + l = -q. Calculate the highest common divisor of 40 and q.
5
Suppose -3*g + 21 = 6. Suppose -p - g + 9 = 0. Calculate the highest common divisor of p and 8.
4
Suppose 0 = 3*p + 19 - 52. Calculate the greatest common factor of p and 121.
11
Let f be (-78)/(-12) + 1/(-2). Let j be 76/f - 8/(-24). What is the highest common factor of 65 and j?
13
Suppose 4*f = -2*c + 6, 4*f + 4*c = -c + 3. Suppose f*l = 4*a - 342, -a + 0*a + 83 = -l. What